In base 11, what is -11 - 70?
-81
In base 2, what is 1110 - 101?
1001
In base 2, what is -1000101011 - 1?
-1000101100
In base 16, what is 181 - -4?
185
In base 7, what is -3 + -5302?
-5305
In base 3, what is 2 + 1022111?
1022120
In base 3, what is -12120 + 0?
-12120
In base 11, what is 135 - 35?
100
In base 14, what is -48d - 0?
-48d
In base 10, what is -763 + -4?
-767
In base 16, what is 2b - 3c?
-11
In base 7, what is 0 - -34?
34
In base 6, what is 2 + -4?
-2
In base 6, what is -303 - -3?
-300
In base 2, what is -1001000001101 + -11?
-1001000010000
In base 11, what is -492 - -3?
-48a
In base 15, what is -939 + 5?
-934
In base 13, what is 13516 - 4?
13512
In base 15, what is 1d8 - -1?
1d9
In base 8, what is -143 - 31?
-174
In base 5, what is 10404 - -4?
10413
In base 12, what is -7 + 4a?
43
In base 8, what is 1 + 432?
433
In base 7, what is -2 - -616?
614
In base 12, what is a + -153?
-145
In base 9, what is -14 - 14?
-28
In base 4, what is 2221 - 23?
2132
In base 16, what is -cc2 + -a?
-ccc
In base 9, what is -62 + -21?
-83
In base 15, what is -213 - 3?
-216
In base 4, what is -312131 + 10?
-312121
In base 14, what is 1 + -68a?
-689
In base 7, what is -15 + 4600?
4552
In base 4, what is -13 + -222?
-301
In base 11, what is -70 + 7?
-64
In base 12, what is -25 - -11?
-14
In base 4, what is -311 + -112?
-1023
In base 15, what is -11a + -4?
-11e
In base 5, what is -3 - 234?
-242
In base 13, what is 7 + 38?
42
In base 6, what is 33244 + 1?
33245
In base 6, what is 10 - -40?
50
In base 9, what is 3 + -111?
-107
In base 16, what is b2b3 + -4?
b2af
In base 5, what is 11043 + -21?
11022
In base 10, what is -522 + 5?
-517
In base 13, what is -40 + 7?
-36
In base 2, what is 101 + -1111100110101?
-1111100110000
In base 4, what is 13 - 1320?
-1301
In base 4, what is 21323 + -32?
21231
In base 5, what is 10 + -4102?
-4042
In base 16, what is c + -15e?
-152
In base 16, what is d2 + f?
e1
In base 7, what is -3 - -11?
5
In base 15, what is -b6d + -5?
-b73
In base 13, what is -c + -2?
-11
In base 11, what is 2 - 117?
-115
In base 5, what is -2 - 3134?
-3141
In base 4, what is 12122 + -10?
12112
In base 11, what is 2313 + -1?
2312
In base 6, what is 111 - 22?
45
In base 16, what is f + -35?
-26
In base 14, what is 13 - 18?
-5
In base 7, what is -2 + 12?
10
In base 3, what is -10120121 - 1?
-10120122
In base 12, what is -4 + 1480?
1478
In base 11, what is -1a2 - 81?
-273
In base 6, what is -2 - 1443?
-1445
In base 14, what is -1b + -29?
-46
In base 5, what is -12 + -2112?
-2124
In base 8, what is -6 - -11155?
11147
In base 13, what is -1460 + -2?
-1462
In base 7, what is 5 - 13143?
-13135
In base 7, what is -14600 - 0?
-14600
In base 7, what is 215 + 22?
240
In base 10, what is 15 - 562?
-547
In base 4, what is -1131 - -22?
-1103
In base 15, what is 2b + -e?
1c
In base 12, what is 849 - -1?
84a
In base 8, what is 33 + -37?
-4
In base 6, what is 3 + -4533?
-4530
In base 15, what is 5 - -e8?
ed
In base 13, what is -10 + -1b2?
-1c2
In base 2, what is 1 + -1100?
-1011
In base 10, what is -3 - 378?
-381
In base 10, what is -3752 + 5?
-3747
In base 14, what is -3 + 7?
4
In base 16, what is 87 + -5?
82
In base 3, what is -1 + 200?
122
In base 2, what is -1 + -110011000?
-110011001
In base 4, what is -12022 + -2?
-12030
In base 9, what is 245 + 11?
256
In base 14, what is 2 + -a6d?
-a6b
In base 9, what is -2 + 117?
115
In base 3, what is 1 - -112122?
112200
In base 13, what is 2 - -13?
15
In base 9, what is 3 + 35?
38
In base 13, what is 5 - -67?
6c
In base 6, what is -10 - 41?
-51
In base 12, what is -95 + -22?
-b7
In base 2, what is 111110001 + 101?
111110110
In base 7, what is 1046 - -1?
1050
In base 11, what is -14a + 2?
-148
In base 12, what is 2b04 - 5?
2abb
In base 6, what is -5122 + -3?
-5125
In base 6, what is 521 - 1?
520
In base 11, what is -2 + 115?
113
In base 4, what is 130100 + -2?
130032
In base 8, what is -4251 - 5?
-4256
In base 14, what is -4066 - 4?
-406a
In base 16, what is 104 + -18?
ec
In base 5, what is 20344 - -1?
20400
In base 7, what is -2042 + -5?
-2050
In base 6, what is 20 - -4?
24
In base 14, what is -4 + 183b?
1837
In base 16, what is 0 - 56c?
-56c
In base 10, what is 1884 + -2?
1882
In base 2, what is -11001010000011 - 101?
-11001010001000
In base 3, what is -1012120 + 100?
-1012020
In base 12, what is -2 - 1085?
-1087
In base 7, what is 0 - -206?
206
In base 7, what is 224 + 51?
305
In base 7, what is 5 - 303?
-265
In base 4, what is -201 - -111?
-30
In base 4, what is 13122 - 1?
13121
In base 8, what is 6 - 147?
-141
In base 15, what is -8b + a?
-81
In base 4, what is 3 + -331?
-322
In base 14, what is -3a - -1?
-39
In base 6, what is 110 + 332?
442
In base 7, what is -12 - -100?
55
In base 11, what is -5999 - 2?
-59a0
In base 14, what is -6 - 19b?
-1a3
In base 16, what is 4 - -1a?
1e
In base 2, what is -11 - -101?
10
In base 13, what is 0 + -1a?
-1a
In base 4, what is -2121 - 1?
-2122
In base 8, what is 4 + 30?
34
In base 14, what is 0 + -1b?
-1b
In base 9, what is 4246 + 0?
4246
In base 5, what is 1020 + -2?
1013
In base 12, what is 172 + -18?
156
In base 4, what is -1 - -122?
121
In base 12, what is 242 - -3?
245
In base 12, what is -79 - -1?
-78
In base 15, what is -b39 + -2?
-b3b
In base 7, what is -4 - -1635?
1631
In base 5, what is 10 + 1323?
1333
In base 2, what is 101 - -10000110110?
10000111011
In base 8, what is 506 - -6?
514
In base 9, what is -4 + 148?
144
In base 4, what is -32012 - 12?
-32030
In base 5, what is -14110 - -21?
-14034
In base 11, what is -10 + -2?
-12
In base 14, what is 5 - 14?
-d
In base 14, what is 2 + 240?
242
In base 9, what is 6 + 5353?
5360
In base 12, what is 62 + -1?
61
In base 14, what is -20 - 8?
-28
In base 12, what is 11b + -1b?
100
In base 2, what is -1110 - 10010001011?
-10010011001
In base 6, what is -4 + 23?
15
In base 10, what is 2 - -112?
114
In base 15, what is 14 - -8?
1c
In base 15, what is -2d - 13?
-41
In base 4, what is -3 - 13001?
-13010
In base 14, what is 819 + 4?
81d
In base 3, what is -2 - 1121?
-1200
In base 2, what is 0 - 10000001010?
-10000001010
In base 12, what is -215 + 3?
-212
In base 7, what is -1301 + 1?
-1300
In base 11, what is -1569 + 8?
-1561
In base 4, what is 10 + -222?
-212
In base 12, what is 2 - ba0?
-b9a
In base 6, what is -10 + 12?
2
In base 7, what is -51 - -322?
241
In base 15, what is 1b - 9?
12
In base 3, what is 1021 - 11?
1010
In base 9, what is 1273 + 2?
1275
In base 6, what is -103 + -4?
-111
In base 14, what is -3 - 347?
-34a
In base 15, what is 8 - 49c?
-494
In base 7, what is -465 - -1?
-464
In base 4, what is 0 - -3112?
3112
In base 11, what is -205 + -1a?
-224
In base 3, what is 100110 - -11?
100121
In base 15, what is 2749 + 5?
274e
In base 15, what is 7 + -cd?
-c6
In base 4, what is 2 - 33001?
-32333
In base 14, what is -344 - 4?
-348
In base 8, what is -2 - -276?
274
In base 8, what is -17343 + -5?
-17350
In base 16, what is 4 + 23b?
23f
In base 4, what is 202 - 33?
103
In base 12, what is -1954 - 5?
-1959
In base 15, what is 26 + 0?
26
In base 4, what is -10 + 100132?
100122
In base 4, what is -21310 + -100?
-22010
In base 11, what is -5562 + -1?
-5563
In base 9, what is -2 - 228?
-231
In base 9, what is -57421 - 5?
-57426
In base 15, what is -139c + 4?
-1398
In base 12, what is -4 + b72?
b6a
In base 8, what is 5 + 104?
111
In base 3, what is -2 + 22?
20
In base 11, what is 14 - 12?
2
In base 9, what is 8 + -5327?
-5318
In base 6, what is 3 + -32520?
-32513
In base 2, what is 1110001 + -1011?
1100110
In base 3, what is 110100 - 2?
110021
In base 6, what is -3 - -10503?
10500
In base 10, what is 8 + 7?
15
In base 13, what is -37a - -2?
-378
In base 5, what is -11220 + 0?
-11220
In base 15, what is -1 - 12ba?
-12bb
In base 8, what is 21 + 16?
37
In base 11, what is 46 - 96?
-50
In base 6, what is 54004 - 2?
54002
In base 11, what is -3 + -7?
-a
In base 12, what is 251 - 3?
24a
In base 3, what is -2002 - -2?
-2000
In base 16, what is -9a + 12?
-88
In base 14, what is 0 - -880?
880
In base 9, what is -151 + -76?
-237
In base 6, what is -14 + -21022?
-21040
In base 6, what is 1 + -4?
-3
In base 3, what is -21 - -1202?
1111
In base 4, what is -1 - 1212?
-1213
In base 16, what is -23 + a?
-19
In base 8, what is -23 - -160?
135
In base 10, wh